{"id":148,"date":"2014-03-06T19:34:34","date_gmt":"2014-03-06T19:34:34","guid":{"rendered":"http:\/\/www.revista-notariado.org.ar\/?page_id=148"},"modified":"2025-06-06T11:00:30","modified_gmt":"2025-06-06T14:00:30","slug":"staff","status":"publish","type":"page","link":"https:\/\/www.revista-notariado.org.ar\/index.php\/staff\/","title":{"rendered":"Staff"},"content":{"rendered":"<p>&nbsp;<\/p>\n<div style=\"margin: 15px 15px 15px 0px;\"><img decoding=\"async\" class=\"aligncenter\" src=\"https:\/\/www.revista-notariado.org.ar\/\/wp-content\/uploads\/2022\/07\/07_Fachada-callao_lasheras_1200x683.jpg\" alt=\"\" \/><\/div>\n<div style=\"background-color: #f8f9fa; border-bottom: 1px solid #ccc; padding: 10px; text-align: center; font-weight: bold; font-size: 16px; color: #333;\">P\u00e1gina en actualizaci\u00f3n<\/div>\n<a class=\"mwm-aal-item\" name=\"director\"><\/a><h2 style=\"text-align: center;\">Director<\/h2>\n<p style=\"text-align: center;\">Carlos Marcelo D&#8217;Alessio<\/p>\n<a class=\"mwm-aal-item\" name=\"coordinacion-editorial\"><\/a><h2 style=\"text-align: center;\">Coordinaci\u00f3n editorial<\/h2>\n<p style=\"text-align: center;\">Departamento de Comunicaciones del<br \/>\nColegio de Escribanos de la Ciudad de Buenos Aires<\/p>\n<a class=\"mwm-aal-item\" name=\"jefatura-del-departamento\"><\/a><h3 style=\"text-align: center;\">Jefatura del Departamento<\/h3>\n<p style=\"text-align: center;\">Valentina Nobl\u00eda<\/p>\n<a class=\"mwm-aal-item\" name=\"secretario-de-redaccion\"><\/a><h3 style=\"text-align: center;\">Secretario de redacci\u00f3n<\/h3>\n<p style=\"text-align: center;\">Agust\u00edn Rodr\u00edguez<\/p>\n<a class=\"mwm-aal-item\" name=\"correccion-y-edicion\"><\/a><h3 style=\"text-align: center;\">Correcci\u00f3n y edici\u00f3n<\/h3>\n<p style=\"text-align: center;\">Agust\u00edn Rodr\u00edguez<\/p>\n<a class=\"mwm-aal-item\" name=\"diseno-web\"><\/a><h3 style=\"text-align: center;\">Dise\u00f1o web<\/h3>\n<p style=\"text-align: center;\">Ramiro Chanes<\/p>\n<a class=\"mwm-aal-item\" name=\"diseno-interior-y-diagramacion-pdf-epub\"><\/a><h3 style=\"text-align: center;\">Dise\u00f1o interior y diagramaci\u00f3n PDF\/EPUB<\/h3>\n<p style=\"text-align: center;\">Liliana Chouza<\/p>\n<a class=\"mwm-aal-item\" name=\"diseno-de-tapa-de-los-numeros-pdf\"><\/a><h3 style=\"text-align: center;\">Dise\u00f1o de tapa de los n\u00fameros PDF<\/h3>\n<p style=\"text-align: center;\">Florencia Cardoso<\/p>\n<pre>\r\n<\/pre>\n","protected":false},"excerpt":{"rendered":"<p>&nbsp; P\u00e1gina en actualizaci\u00f3n Director Carlos Marcelo D&#8217;Alessio Coordinaci\u00f3n editorial Departamento de Comunicaciones del Colegio de Escribanos de la Ciudad de Buenos Aires Jefatura del Departamento Valentina Nobl\u00eda Secretario de [&hellip;]<\/p>\n","protected":false},"author":13,"featured_media":0,"parent":0,"menu_order":0,"comment_status":"open","ping_status":"open","template":"page-templates\/full-width.php","meta":{"_et_pb_use_builder":"off","_et_pb_old_content":"","_et_gb_content_width":"","spay_email":"","footnotes":""},"class_list":["post-148","page","type-page","status-publish","hentry"],"yoast_head":"<!-- This site is optimized with the Yoast SEO plugin v23.6 - https:\/\/yoast.com\/wordpress\/plugins\/seo\/ -->\n<title>Staff - Revista del Notariado<\/title>\n<meta name=\"robots\" content=\"index, follow, max-snippet:-1, max-image-preview:large, max-video-preview:-1\" \/>\n<link rel=\"canonical\" href=\"https:\/\/www.revista-notariado.org.ar\/index.php\/staff\/\" \/>\n<meta property=\"og:locale\" content=\"es_ES\" \/>\n<meta property=\"og:type\" content=\"article\" \/>\n<meta property=\"og:title\" content=\"Staff - Revista del Notariado\" \/>\n<meta property=\"og:description\" content=\"&nbsp; P\u00e1gina en actualizaci\u00f3n Director Carlos Marcelo D&#8217;Alessio Coordinaci\u00f3n editorial Departamento de Comunicaciones del Colegio de Escribanos de la Ciudad de Buenos Aires Jefatura del Departamento Valentina Nobl\u00eda Secretario de [&hellip;]\" \/>\n<meta property=\"og:url\" content=\"https:\/\/www.revista-notariado.org.ar\/index.php\/staff\/\" \/>\n<meta property=\"og:site_name\" content=\"Revista del Notariado\" \/>\n<meta property=\"article:publisher\" content=\"https:\/\/www.facebook.com\/revistadelnotariado\/\" \/>\n<meta property=\"article:modified_time\" content=\"2025-06-06T14:00:30+00:00\" \/>\n<meta property=\"og:image\" content=\"https:\/\/www.revista-notariado.org.ar\/\/wp-content\/uploads\/2022\/07\/07_Fachada-callao_lasheras_1200x683.jpg\" \/>\n<meta name=\"twitter:card\" content=\"summary_large_image\" \/>\n<meta name=\"twitter:label1\" content=\"Tiempo de lectura\" \/>\n\t<meta name=\"twitter:data1\" content=\"1 minuto\" \/>\n<script type=\"application\/ld+json\" class=\"yoast-schema-graph\">{\"@context\":\"https:\/\/schema.org\",\"@graph\":[{\"@type\":\"WebPage\",\"@id\":\"https:\/\/www.revista-notariado.org.ar\/index.php\/staff\/\",\"url\":\"https:\/\/www.revista-notariado.org.ar\/index.php\/staff\/\",\"name\":\"Staff - Revista del Notariado\",\"isPartOf\":{\"@id\":\"https:\/\/www.revista-notariado.org.ar\/#website\"},\"primaryImageOfPage\":{\"@id\":\"https:\/\/www.revista-notariado.org.ar\/index.php\/staff\/#primaryimage\"},\"image\":{\"@id\":\"https:\/\/www.revista-notariado.org.ar\/index.php\/staff\/#primaryimage\"},\"thumbnailUrl\":\"https:\/\/www.revista-notariado.org.ar\/\/wp-content\/uploads\/2022\/07\/07_Fachada-callao_lasheras_1200x683.jpg\",\"datePublished\":\"2014-03-06T19:34:34+00:00\",\"dateModified\":\"2025-06-06T14:00:30+00:00\",\"breadcrumb\":{\"@id\":\"https:\/\/www.revista-notariado.org.ar\/index.php\/staff\/#breadcrumb\"},\"inLanguage\":\"es\",\"potentialAction\":[{\"@type\":\"ReadAction\",\"target\":[\"https:\/\/www.revista-notariado.org.ar\/index.php\/staff\/\"]}]},{\"@type\":\"ImageObject\",\"inLanguage\":\"es\",\"@id\":\"https:\/\/www.revista-notariado.org.ar\/index.php\/staff\/#primaryimage\",\"url\":\"https:\/\/www.revista-notariado.org.ar\/\/wp-content\/uploads\/2022\/07\/07_Fachada-callao_lasheras_1200x683.jpg\",\"contentUrl\":\"https:\/\/www.revista-notariado.org.ar\/\/wp-content\/uploads\/2022\/07\/07_Fachada-callao_lasheras_1200x683.jpg\",\"width\":1200,\"height\":683},{\"@type\":\"BreadcrumbList\",\"@id\":\"https:\/\/www.revista-notariado.org.ar\/index.php\/staff\/#breadcrumb\",\"itemListElement\":[{\"@type\":\"ListItem\",\"position\":1,\"name\":\"Portada\",\"item\":\"https:\/\/www.revista-notariado.org.ar\/\"},{\"@type\":\"ListItem\",\"position\":2,\"name\":\"Staff\"}]},{\"@type\":\"WebSite\",\"@id\":\"https:\/\/www.revista-notariado.org.ar\/#website\",\"url\":\"https:\/\/www.revista-notariado.org.ar\/\",\"name\":\"Revista del Notariado\",\"description\":\"Director: Carlos Marcelo D&#039;Alessio\",\"publisher\":{\"@id\":\"https:\/\/www.revista-notariado.org.ar\/#organization\"},\"potentialAction\":[{\"@type\":\"SearchAction\",\"target\":{\"@type\":\"EntryPoint\",\"urlTemplate\":\"https:\/\/www.revista-notariado.org.ar\/?s={search_term_string}\"},\"query-input\":{\"@type\":\"PropertyValueSpecification\",\"valueRequired\":true,\"valueName\":\"search_term_string\"}}],\"inLanguage\":\"es\"},{\"@type\":\"Organization\",\"@id\":\"https:\/\/www.revista-notariado.org.ar\/#organization\",\"name\":\"Revista del Notariado\",\"url\":\"https:\/\/www.revista-notariado.org.ar\/\",\"logo\":{\"@type\":\"ImageObject\",\"inLanguage\":\"es\",\"@id\":\"https:\/\/www.revista-notariado.org.ar\/#\/schema\/logo\/image\/\",\"url\":\"https:\/\/www.revista-notariado.org.ar\/\/wp-content\/uploads\/2020\/06\/Logo-para.mail_.png\",\"contentUrl\":\"https:\/\/www.revista-notariado.org.ar\/\/wp-content\/uploads\/2020\/06\/Logo-para.mail_.png\",\"width\":642,\"height\":80,\"caption\":\"Revista del Notariado\"},\"image\":{\"@id\":\"https:\/\/www.revista-notariado.org.ar\/#\/schema\/logo\/image\/\"},\"sameAs\":[\"https:\/\/www.facebook.com\/revistadelnotariado\/\"]}]}<\/script>\n<!-- \/ Yoast SEO plugin. -->","yoast_head_json":{"title":"Staff - Revista del Notariado","robots":{"index":"index","follow":"follow","max-snippet":"max-snippet:-1","max-image-preview":"max-image-preview:large","max-video-preview":"max-video-preview:-1"},"canonical":"https:\/\/www.revista-notariado.org.ar\/index.php\/staff\/","og_locale":"es_ES","og_type":"article","og_title":"Staff - Revista del Notariado","og_description":"&nbsp; P\u00e1gina en actualizaci\u00f3n Director Carlos Marcelo D&#8217;Alessio Coordinaci\u00f3n editorial Departamento de Comunicaciones del Colegio de Escribanos de la Ciudad de Buenos Aires Jefatura del Departamento Valentina Nobl\u00eda Secretario de [&hellip;]","og_url":"https:\/\/www.revista-notariado.org.ar\/index.php\/staff\/","og_site_name":"Revista del Notariado","article_publisher":"https:\/\/www.facebook.com\/revistadelnotariado\/","article_modified_time":"2025-06-06T14:00:30+00:00","og_image":[{"url":"https:\/\/www.revista-notariado.org.ar\/\/wp-content\/uploads\/2022\/07\/07_Fachada-callao_lasheras_1200x683.jpg"}],"twitter_card":"summary_large_image","twitter_misc":{"Tiempo de lectura":"1 minuto"},"schema":{"@context":"https:\/\/schema.org","@graph":[{"@type":"WebPage","@id":"https:\/\/www.revista-notariado.org.ar\/index.php\/staff\/","url":"https:\/\/www.revista-notariado.org.ar\/index.php\/staff\/","name":"Staff - Revista del Notariado","isPartOf":{"@id":"https:\/\/www.revista-notariado.org.ar\/#website"},"primaryImageOfPage":{"@id":"https:\/\/www.revista-notariado.org.ar\/index.php\/staff\/#primaryimage"},"image":{"@id":"https:\/\/www.revista-notariado.org.ar\/index.php\/staff\/#primaryimage"},"thumbnailUrl":"https:\/\/www.revista-notariado.org.ar\/\/wp-content\/uploads\/2022\/07\/07_Fachada-callao_lasheras_1200x683.jpg","datePublished":"2014-03-06T19:34:34+00:00","dateModified":"2025-06-06T14:00:30+00:00","breadcrumb":{"@id":"https:\/\/www.revista-notariado.org.ar\/index.php\/staff\/#breadcrumb"},"inLanguage":"es","potentialAction":[{"@type":"ReadAction","target":["https:\/\/www.revista-notariado.org.ar\/index.php\/staff\/"]}]},{"@type":"ImageObject","inLanguage":"es","@id":"https:\/\/www.revista-notariado.org.ar\/index.php\/staff\/#primaryimage","url":"https:\/\/www.revista-notariado.org.ar\/\/wp-content\/uploads\/2022\/07\/07_Fachada-callao_lasheras_1200x683.jpg","contentUrl":"https:\/\/www.revista-notariado.org.ar\/\/wp-content\/uploads\/2022\/07\/07_Fachada-callao_lasheras_1200x683.jpg","width":1200,"height":683},{"@type":"BreadcrumbList","@id":"https:\/\/www.revista-notariado.org.ar\/index.php\/staff\/#breadcrumb","itemListElement":[{"@type":"ListItem","position":1,"name":"Portada","item":"https:\/\/www.revista-notariado.org.ar\/"},{"@type":"ListItem","position":2,"name":"Staff"}]},{"@type":"WebSite","@id":"https:\/\/www.revista-notariado.org.ar\/#website","url":"https:\/\/www.revista-notariado.org.ar\/","name":"Revista del Notariado","description":"Director: Carlos Marcelo D&#039;Alessio","publisher":{"@id":"https:\/\/www.revista-notariado.org.ar\/#organization"},"potentialAction":[{"@type":"SearchAction","target":{"@type":"EntryPoint","urlTemplate":"https:\/\/www.revista-notariado.org.ar\/?s={search_term_string}"},"query-input":{"@type":"PropertyValueSpecification","valueRequired":true,"valueName":"search_term_string"}}],"inLanguage":"es"},{"@type":"Organization","@id":"https:\/\/www.revista-notariado.org.ar\/#organization","name":"Revista del Notariado","url":"https:\/\/www.revista-notariado.org.ar\/","logo":{"@type":"ImageObject","inLanguage":"es","@id":"https:\/\/www.revista-notariado.org.ar\/#\/schema\/logo\/image\/","url":"https:\/\/www.revista-notariado.org.ar\/\/wp-content\/uploads\/2020\/06\/Logo-para.mail_.png","contentUrl":"https:\/\/www.revista-notariado.org.ar\/\/wp-content\/uploads\/2020\/06\/Logo-para.mail_.png","width":642,"height":80,"caption":"Revista del Notariado"},"image":{"@id":"https:\/\/www.revista-notariado.org.ar\/#\/schema\/logo\/image\/"},"sameAs":["https:\/\/www.facebook.com\/revistadelnotariado\/"]}]}},"jetpack_sharing_enabled":true,"jetpack_shortlink":"https:\/\/wp.me\/P50Sui-2o","jetpack-related-posts":[],"_links":{"self":[{"href":"https:\/\/www.revista-notariado.org.ar\/index.php\/wp-json\/wp\/v2\/pages\/148"}],"collection":[{"href":"https:\/\/www.revista-notariado.org.ar\/index.php\/wp-json\/wp\/v2\/pages"}],"about":[{"href":"https:\/\/www.revista-notariado.org.ar\/index.php\/wp-json\/wp\/v2\/types\/page"}],"author":[{"embeddable":true,"href":"https:\/\/www.revista-notariado.org.ar\/index.php\/wp-json\/wp\/v2\/users\/13"}],"replies":[{"embeddable":true,"href":"https:\/\/www.revista-notariado.org.ar\/index.php\/wp-json\/wp\/v2\/comments?post=148"}],"version-history":[{"count":43,"href":"https:\/\/www.revista-notariado.org.ar\/index.php\/wp-json\/wp\/v2\/pages\/148\/revisions"}],"predecessor-version":[{"id":17866,"href":"https:\/\/www.revista-notariado.org.ar\/index.php\/wp-json\/wp\/v2\/pages\/148\/revisions\/17866"}],"wp:attachment":[{"href":"https:\/\/www.revista-notariado.org.ar\/index.php\/wp-json\/wp\/v2\/media?parent=148"}],"curies":[{"name":"wp","href":"https:\/\/api.w.org\/{rel}","templated":true}]}}