{"id":8215,"date":"2019-10-23T09:44:11","date_gmt":"2019-10-23T12:44:11","guid":{"rendered":"http:\/\/www.revista-notariado.org.ar\/?post_type=biografia&#038;p=8215"},"modified":"2019-10-23T09:44:11","modified_gmt":"2019-10-23T12:44:11","slug":"valeria-virginia-calabrese","status":"publish","type":"biografia","link":"https:\/\/www.revista-notariado.org.ar\/index.php\/biografia\/valeria-virginia-calabrese\/","title":{"rendered":"Valeria Virginia Calabrese"},"content":{"rendered":"<p><img loading=\"lazy\" decoding=\"async\" class=\"alignright size-full wp-image-8214\" src=\"https:\/\/www.revista-notariado.org.ar\/wp-content\/uploads\/2019\/10\/CALABRESE_bio.jpg\" alt=\"CALABRESE_bio\" width=\"200\" height=\"218\" \/>Escribana (Universidad de Mendoza, 2012). Diplomada en Derecho Notarial (Universidad del Aconcagua, 2013).<\/p>\n<p>En ejercicio de la funci\u00f3n notarial como adscripta en el distrito de Maip\u00fa (2014-2017) y como titular de un registro notarial, por concurso de oposici\u00f3n y antecedentes, en la ciudad de Mendoza (2017 &#8211; actualidad).<\/p>\n<p>Profesora adscripta de Derechos Reales (Universidad de Mendoza, 2014).<\/p>\n<p>Profesora adjunta de Derecho de los Contratos y del Consumidor (Universidad de Congreso, 2019 &#8211; actualidad).<\/p>\n<p>Autora de ponencias y trabajos presentados en congresos acad\u00e9micos nacionales de derecho notarial, que han sido galardonados con premios.<\/p>\n<p>Presidente de la Comisi\u00f3n de Notarios Noveles y Delegada Novel del Colegio Notarial de la Provincia de Mendoza (2017 &#8211; actualidad).<\/p>\n","protected":false},"excerpt":{"rendered":"<p>Escribana (Universidad de Mendoza, 2012). Diplomada en Derecho Notarial (Universidad del Aconcagua, 2013). En ejercicio de la funci\u00f3n notarial como adscripta en el distrito de Maip\u00fa (2014-2017) y como titular [&hellip;]<\/p>\n","protected":false},"author":13,"featured_media":0,"menu_order":0,"comment_status":"closed","ping_status":"open","template":"","format":"standard","meta":{"_et_pb_use_builder":"","_et_pb_old_content":"","_et_gb_content_width":"","spay_email":"","footnotes":""},"class_list":["post-8215","biografia","type-biografia","status-publish","format-standard","hentry","cv_autor-bio"],"yoast_head":"<!-- This site is optimized with the Yoast SEO plugin v23.6 - https:\/\/yoast.com\/wordpress\/plugins\/seo\/ -->\n<title>Valeria Virginia Calabrese - Revista del Notariado<\/title>\n<meta name=\"robots\" content=\"index, follow, max-snippet:-1, max-image-preview:large, max-video-preview:-1\" \/>\n<link rel=\"canonical\" href=\"https:\/\/www.revista-notariado.org.ar\/index.php\/biografia\/valeria-virginia-calabrese\/\" \/>\n<meta property=\"og:locale\" content=\"es_ES\" \/>\n<meta property=\"og:type\" content=\"article\" \/>\n<meta property=\"og:title\" content=\"Valeria Virginia Calabrese - Revista del Notariado\" \/>\n<meta property=\"og:description\" content=\"Escribana (Universidad de Mendoza, 2012). Diplomada en Derecho Notarial (Universidad del Aconcagua, 2013). En ejercicio de la funci\u00f3n notarial como adscripta en el distrito de Maip\u00fa (2014-2017) y como titular [&hellip;]\" \/>\n<meta property=\"og:url\" content=\"https:\/\/www.revista-notariado.org.ar\/index.php\/biografia\/valeria-virginia-calabrese\/\" \/>\n<meta property=\"og:site_name\" content=\"Revista del Notariado\" \/>\n<meta property=\"article:publisher\" content=\"https:\/\/www.facebook.com\/revistadelnotariado\/\" \/>\n<meta property=\"og:image\" content=\"https:\/\/www.revista-notariado.org.ar\/wp-content\/uploads\/2019\/10\/CALABRESE_bio.jpg\" \/>\n<meta name=\"twitter:card\" content=\"summary_large_image\" \/>\n<meta name=\"twitter:label1\" content=\"Tiempo de lectura\" \/>\n\t<meta name=\"twitter:data1\" content=\"1 minuto\" \/>\n<script type=\"application\/ld+json\" class=\"yoast-schema-graph\">{\"@context\":\"https:\/\/schema.org\",\"@graph\":[{\"@type\":\"WebPage\",\"@id\":\"https:\/\/www.revista-notariado.org.ar\/index.php\/biografia\/valeria-virginia-calabrese\/\",\"url\":\"https:\/\/www.revista-notariado.org.ar\/index.php\/biografia\/valeria-virginia-calabrese\/\",\"name\":\"Valeria Virginia Calabrese - Revista del Notariado\",\"isPartOf\":{\"@id\":\"https:\/\/www.revista-notariado.org.ar\/#website\"},\"primaryImageOfPage\":{\"@id\":\"https:\/\/www.revista-notariado.org.ar\/index.php\/biografia\/valeria-virginia-calabrese\/#primaryimage\"},\"image\":{\"@id\":\"https:\/\/www.revista-notariado.org.ar\/index.php\/biografia\/valeria-virginia-calabrese\/#primaryimage\"},\"thumbnailUrl\":\"https:\/\/www.revista-notariado.org.ar\/wp-content\/uploads\/2019\/10\/CALABRESE_bio.jpg\",\"datePublished\":\"2019-10-23T12:44:11+00:00\",\"dateModified\":\"2019-10-23T12:44:11+00:00\",\"breadcrumb\":{\"@id\":\"https:\/\/www.revista-notariado.org.ar\/index.php\/biografia\/valeria-virginia-calabrese\/#breadcrumb\"},\"inLanguage\":\"es\",\"potentialAction\":[{\"@type\":\"ReadAction\",\"target\":[\"https:\/\/www.revista-notariado.org.ar\/index.php\/biografia\/valeria-virginia-calabrese\/\"]}]},{\"@type\":\"ImageObject\",\"inLanguage\":\"es\",\"@id\":\"https:\/\/www.revista-notariado.org.ar\/index.php\/biografia\/valeria-virginia-calabrese\/#primaryimage\",\"url\":\"https:\/\/www.revista-notariado.org.ar\/\/wp-content\/uploads\/2019\/10\/CALABRESE_bio.jpg\",\"contentUrl\":\"https:\/\/www.revista-notariado.org.ar\/\/wp-content\/uploads\/2019\/10\/CALABRESE_bio.jpg\",\"width\":200,\"height\":218},{\"@type\":\"BreadcrumbList\",\"@id\":\"https:\/\/www.revista-notariado.org.ar\/index.php\/biografia\/valeria-virginia-calabrese\/#breadcrumb\",\"itemListElement\":[{\"@type\":\"ListItem\",\"position\":1,\"name\":\"Portada\",\"item\":\"https:\/\/www.revista-notariado.org.ar\/\"},{\"@type\":\"ListItem\",\"position\":2,\"name\":\"Valeria Virginia Calabrese\"}]},{\"@type\":\"WebSite\",\"@id\":\"https:\/\/www.revista-notariado.org.ar\/#website\",\"url\":\"https:\/\/www.revista-notariado.org.ar\/\",\"name\":\"Revista del Notariado\",\"description\":\"Director: Carlos Marcelo D&#039;Alessio\",\"publisher\":{\"@id\":\"https:\/\/www.revista-notariado.org.ar\/#organization\"},\"potentialAction\":[{\"@type\":\"SearchAction\",\"target\":{\"@type\":\"EntryPoint\",\"urlTemplate\":\"https:\/\/www.revista-notariado.org.ar\/?s={search_term_string}\"},\"query-input\":{\"@type\":\"PropertyValueSpecification\",\"valueRequired\":true,\"valueName\":\"search_term_string\"}}],\"inLanguage\":\"es\"},{\"@type\":\"Organization\",\"@id\":\"https:\/\/www.revista-notariado.org.ar\/#organization\",\"name\":\"Revista del Notariado\",\"url\":\"https:\/\/www.revista-notariado.org.ar\/\",\"logo\":{\"@type\":\"ImageObject\",\"inLanguage\":\"es\",\"@id\":\"https:\/\/www.revista-notariado.org.ar\/#\/schema\/logo\/image\/\",\"url\":\"https:\/\/www.revista-notariado.org.ar\/\/wp-content\/uploads\/2020\/06\/Logo-para.mail_.png\",\"contentUrl\":\"https:\/\/www.revista-notariado.org.ar\/\/wp-content\/uploads\/2020\/06\/Logo-para.mail_.png\",\"width\":642,\"height\":80,\"caption\":\"Revista del Notariado\"},\"image\":{\"@id\":\"https:\/\/www.revista-notariado.org.ar\/#\/schema\/logo\/image\/\"},\"sameAs\":[\"https:\/\/www.facebook.com\/revistadelnotariado\/\"]}]}<\/script>\n<!-- \/ Yoast SEO plugin. -->","yoast_head_json":{"title":"Valeria Virginia Calabrese - Revista del Notariado","robots":{"index":"index","follow":"follow","max-snippet":"max-snippet:-1","max-image-preview":"max-image-preview:large","max-video-preview":"max-video-preview:-1"},"canonical":"https:\/\/www.revista-notariado.org.ar\/index.php\/biografia\/valeria-virginia-calabrese\/","og_locale":"es_ES","og_type":"article","og_title":"Valeria Virginia Calabrese - Revista del Notariado","og_description":"Escribana (Universidad de Mendoza, 2012). Diplomada en Derecho Notarial (Universidad del Aconcagua, 2013). En ejercicio de la funci\u00f3n notarial como adscripta en el distrito de Maip\u00fa (2014-2017) y como titular [&hellip;]","og_url":"https:\/\/www.revista-notariado.org.ar\/index.php\/biografia\/valeria-virginia-calabrese\/","og_site_name":"Revista del Notariado","article_publisher":"https:\/\/www.facebook.com\/revistadelnotariado\/","og_image":[{"url":"https:\/\/www.revista-notariado.org.ar\/wp-content\/uploads\/2019\/10\/CALABRESE_bio.jpg"}],"twitter_card":"summary_large_image","twitter_misc":{"Tiempo de lectura":"1 minuto"},"schema":{"@context":"https:\/\/schema.org","@graph":[{"@type":"WebPage","@id":"https:\/\/www.revista-notariado.org.ar\/index.php\/biografia\/valeria-virginia-calabrese\/","url":"https:\/\/www.revista-notariado.org.ar\/index.php\/biografia\/valeria-virginia-calabrese\/","name":"Valeria Virginia Calabrese - Revista del Notariado","isPartOf":{"@id":"https:\/\/www.revista-notariado.org.ar\/#website"},"primaryImageOfPage":{"@id":"https:\/\/www.revista-notariado.org.ar\/index.php\/biografia\/valeria-virginia-calabrese\/#primaryimage"},"image":{"@id":"https:\/\/www.revista-notariado.org.ar\/index.php\/biografia\/valeria-virginia-calabrese\/#primaryimage"},"thumbnailUrl":"https:\/\/www.revista-notariado.org.ar\/wp-content\/uploads\/2019\/10\/CALABRESE_bio.jpg","datePublished":"2019-10-23T12:44:11+00:00","dateModified":"2019-10-23T12:44:11+00:00","breadcrumb":{"@id":"https:\/\/www.revista-notariado.org.ar\/index.php\/biografia\/valeria-virginia-calabrese\/#breadcrumb"},"inLanguage":"es","potentialAction":[{"@type":"ReadAction","target":["https:\/\/www.revista-notariado.org.ar\/index.php\/biografia\/valeria-virginia-calabrese\/"]}]},{"@type":"ImageObject","inLanguage":"es","@id":"https:\/\/www.revista-notariado.org.ar\/index.php\/biografia\/valeria-virginia-calabrese\/#primaryimage","url":"https:\/\/www.revista-notariado.org.ar\/\/wp-content\/uploads\/2019\/10\/CALABRESE_bio.jpg","contentUrl":"https:\/\/www.revista-notariado.org.ar\/\/wp-content\/uploads\/2019\/10\/CALABRESE_bio.jpg","width":200,"height":218},{"@type":"BreadcrumbList","@id":"https:\/\/www.revista-notariado.org.ar\/index.php\/biografia\/valeria-virginia-calabrese\/#breadcrumb","itemListElement":[{"@type":"ListItem","position":1,"name":"Portada","item":"https:\/\/www.revista-notariado.org.ar\/"},{"@type":"ListItem","position":2,"name":"Valeria Virginia Calabrese"}]},{"@type":"WebSite","@id":"https:\/\/www.revista-notariado.org.ar\/#website","url":"https:\/\/www.revista-notariado.org.ar\/","name":"Revista del Notariado","description":"Director: Carlos Marcelo D&#039;Alessio","publisher":{"@id":"https:\/\/www.revista-notariado.org.ar\/#organization"},"potentialAction":[{"@type":"SearchAction","target":{"@type":"EntryPoint","urlTemplate":"https:\/\/www.revista-notariado.org.ar\/?s={search_term_string}"},"query-input":{"@type":"PropertyValueSpecification","valueRequired":true,"valueName":"search_term_string"}}],"inLanguage":"es"},{"@type":"Organization","@id":"https:\/\/www.revista-notariado.org.ar\/#organization","name":"Revista del Notariado","url":"https:\/\/www.revista-notariado.org.ar\/","logo":{"@type":"ImageObject","inLanguage":"es","@id":"https:\/\/www.revista-notariado.org.ar\/#\/schema\/logo\/image\/","url":"https:\/\/www.revista-notariado.org.ar\/\/wp-content\/uploads\/2020\/06\/Logo-para.mail_.png","contentUrl":"https:\/\/www.revista-notariado.org.ar\/\/wp-content\/uploads\/2020\/06\/Logo-para.mail_.png","width":642,"height":80,"caption":"Revista del Notariado"},"image":{"@id":"https:\/\/www.revista-notariado.org.ar\/#\/schema\/logo\/image\/"},"sameAs":["https:\/\/www.facebook.com\/revistadelnotariado\/"]}]}},"jetpack_sharing_enabled":true,"_links":{"self":[{"href":"https:\/\/www.revista-notariado.org.ar\/index.php\/wp-json\/wp\/v2\/biografia\/8215"}],"collection":[{"href":"https:\/\/www.revista-notariado.org.ar\/index.php\/wp-json\/wp\/v2\/biografia"}],"about":[{"href":"https:\/\/www.revista-notariado.org.ar\/index.php\/wp-json\/wp\/v2\/types\/biografia"}],"author":[{"embeddable":true,"href":"https:\/\/www.revista-notariado.org.ar\/index.php\/wp-json\/wp\/v2\/users\/13"}],"replies":[{"embeddable":true,"href":"https:\/\/www.revista-notariado.org.ar\/index.php\/wp-json\/wp\/v2\/comments?post=8215"}],"version-history":[{"count":1,"href":"https:\/\/www.revista-notariado.org.ar\/index.php\/wp-json\/wp\/v2\/biografia\/8215\/revisions"}],"predecessor-version":[{"id":8216,"href":"https:\/\/www.revista-notariado.org.ar\/index.php\/wp-json\/wp\/v2\/biografia\/8215\/revisions\/8216"}],"wp:attachment":[{"href":"https:\/\/www.revista-notariado.org.ar\/index.php\/wp-json\/wp\/v2\/media?parent=8215"}],"curies":[{"name":"wp","href":"https:\/\/api.w.org\/{rel}","templated":true}]}}

<p><img loading="lazy" decoding="async" class="alignright size-full wp-image-8214" src="https://www.revista-notariado.org.ar/wp-content/uploads/2019/10/CALABRESE_bio.jpg" alt="CALABRESE_bio" width="200" height="218" />Escribana (Universidad de Mendoza, 2012). Diplomada en Derecho Notarial (Universidad del Aconcagua, 2013).</p>
<p>En ejercicio de la función notarial como adscripta en el distrito de Maipú (2014-2017) y como titular de un registro notarial, por concurso de oposición y antecedentes, en la ciudad de Mendoza (2017 &#8211; actualidad).</p>
<p>Profesora adscripta de Derechos Reales (Universidad de Mendoza, 2014).</p>
<p>Profesora adjunta de Derecho de los Contratos y del Consumidor (Universidad de Congreso, 2019 &#8211; actualidad).</p>
<p>Autora de ponencias y trabajos presentados en congresos académicos nacionales de derecho notarial, que han sido galardonados con premios.</p>
<p>Presidente de la Comisión de Notarios Noveles y Delegada Novel del Colegio Notarial de la Provincia de Mendoza (2017 &#8211; actualidad).</p>

<p>Escribana (Universidad de Mendoza, 2012). Diplomada en Derecho Notarial (Universidad del Aconcagua, 2013). En ejercicio de la función notarial como adscripta en el distrito de Maipú (2014-2017) y como titular [&hellip;]</p>

<!-- This site is optimized with the Yoast SEO plugin v23.6 - https://yoast.com/wordpress/plugins/seo/ -->
<title>Valeria Virginia Calabrese - Revista del Notariado</title>
<meta name="robots" content="index, follow, max-snippet:-1, max-image-preview:large, max-video-preview:-1" />
<link rel="canonical" href="https://www.revista-notariado.org.ar/index.php/biografia/valeria-virginia-calabrese/" />
<meta property="og:locale" content="es_ES" />
<meta property="og:type" content="article" />
<meta property="og:title" content="Valeria Virginia Calabrese - Revista del Notariado" />
<meta property="og:description" content="Escribana (Universidad de Mendoza, 2012). Diplomada en Derecho Notarial (Universidad del Aconcagua, 2013). En ejercicio de la función notarial como adscripta en el distrito de Maipú (2014-2017) y como titular [&hellip;]" />
<meta property="og:url" content="https://www.revista-notariado.org.ar/index.php/biografia/valeria-virginia-calabrese/" />
<meta property="og:site_name" content="Revista del Notariado" />
<meta property="article:publisher" content="https://www.facebook.com/revistadelnotariado/" />
<meta property="og:image" content="https://www.revista-notariado.org.ar/wp-content/uploads/2019/10/CALABRESE_bio.jpg" />
<meta name="twitter:card" content="summary_large_image" />
<meta name="twitter:label1" content="Tiempo de lectura" />
	<meta name="twitter:data1" content="1 minuto" />
<script type="application/ld+json" class="yoast-schema-graph">{"@context":"https://schema.org","@graph":[{"@type":"WebPage","@id":"https://www.revista-notariado.org.ar/index.php/biografia/valeria-virginia-calabrese/","url":"https://www.revista-notariado.org.ar/index.php/biografia/valeria-virginia-calabrese/","name":"Valeria Virginia Calabrese - Revista del Notariado","isPartOf":{"@id":"https://www.revista-notariado.org.ar/#website"},"primaryImageOfPage":{"@id":"https://www.revista-notariado.org.ar/index.php/biografia/valeria-virginia-calabrese/#primaryimage"},"image":{"@id":"https://www.revista-notariado.org.ar/index.php/biografia/valeria-virginia-calabrese/#primaryimage"},"thumbnailUrl":"https://www.revista-notariado.org.ar/wp-content/uploads/2019/10/CALABRESE_bio.jpg","datePublished":"2019-10-23T12:44:11+00:00","dateModified":"2019-10-23T12:44:11+00:00","breadcrumb":{"@id":"https://www.revista-notariado.org.ar/index.php/biografia/valeria-virginia-calabrese/#breadcrumb"},"inLanguage":"es","potentialAction":[{"@type":"ReadAction","target":["https://www.revista-notariado.org.ar/index.php/biografia/valeria-virginia-calabrese/"]}]},{"@type":"ImageObject","inLanguage":"es","@id":"https://www.revista-notariado.org.ar/index.php/biografia/valeria-virginia-calabrese/#primaryimage","url":"https://www.revista-notariado.org.ar//wp-content/uploads/2019/10/CALABRESE_bio.jpg","contentUrl":"https://www.revista-notariado.org.ar//wp-content/uploads/2019/10/CALABRESE_bio.jpg","width":200,"height":218},{"@type":"BreadcrumbList","@id":"https://www.revista-notariado.org.ar/index.php/biografia/valeria-virginia-calabrese/#breadcrumb","itemListElement":[{"@type":"ListItem","position":1,"name":"Portada","item":"https://www.revista-notariado.org.ar/"},{"@type":"ListItem","position":2,"name":"Valeria Virginia Calabrese"}]},{"@type":"WebSite","@id":"https://www.revista-notariado.org.ar/#website","url":"https://www.revista-notariado.org.ar/","name":"Revista del Notariado","description":"Director: Carlos Marcelo D&#039;Alessio","publisher":{"@id":"https://www.revista-notariado.org.ar/#organization"},"potentialAction":[{"@type":"SearchAction","target":{"@type":"EntryPoint","urlTemplate":"https://www.revista-notariado.org.ar/?s={search_term_string}"},"query-input":{"@type":"PropertyValueSpecification","valueRequired":true,"valueName":"search_term_string"}}],"inLanguage":"es"},{"@type":"Organization","@id":"https://www.revista-notariado.org.ar/#organization","name":"Revista del Notariado","url":"https://www.revista-notariado.org.ar/","logo":{"@type":"ImageObject","inLanguage":"es","@id":"https://www.revista-notariado.org.ar/#/schema/logo/image/","url":"https://www.revista-notariado.org.ar//wp-content/uploads/2020/06/Logo-para.mail_.png","contentUrl":"https://www.revista-notariado.org.ar//wp-content/uploads/2020/06/Logo-para.mail_.png","width":642,"height":80,"caption":"Revista del Notariado"},"image":{"@id":"https://www.revista-notariado.org.ar/#/schema/logo/image/"},"sameAs":["https://www.facebook.com/revistadelnotariado/"]}]}</script>
<!-- / Yoast SEO plugin. -->

Escribana (Universidad de Mendoza, 2012). Diplomada en Derecho Notarial (Universidad del Aconcagua, 2013). En ejercicio de la función notarial como adscripta en el distrito de Maipú (2014-2017) y como titular [&hellip;]
