{"id":6212,"date":"2018-02-23T16:13:03","date_gmt":"2018-02-23T19:13:03","guid":{"rendered":"http:\/\/www.revista-notariado.org.ar\/?post_type=biografia&#038;p=6212"},"modified":"2018-03-13T17:12:47","modified_gmt":"2018-03-13T20:12:47","slug":"emilia-edda-menotti","status":"publish","type":"biografia","link":"https:\/\/www.revista-notariado.org.ar\/index.php\/biografia\/emilia-edda-menotti\/","title":{"rendered":"Emilia Edda Menotti"},"content":{"rendered":"<p>&nbsp;<\/p>\n<ul>\n<li>Profesora de Historia egresada con Medalla de Oro y Premio Ministerio de Educaci\u00f3n de la Naci\u00f3n.<\/li>\n<li>Profesora Extraordinaria de la Municipalidad de Mor\u00f3n.<\/li>\n<li>Decana del Departamento de Historia de la Universidad Kennedy.<\/li>\n<li>Presidente de la Academia Argentina de la Historia.<\/li>\n<li>Presidente de la Sociedad Bolivariana de la Rep\u00fablica Argentina.<\/li>\n<li>Presidente del Instituto Cultural Argentino Ecuatoriano.<\/li>\n<li>Presidente del Instituto Nacional Bolivariano (2012-2016).<\/li>\n<li>Secretaria Acad\u00e9mica del Instituto Nacional Sanmartiniano.<\/li>\n<li>Miembro de la C. D. de Instituciones Culturales Argentinas y Americanas.<\/li>\n<li>Condecorada por los gobiernos de Venezuela, Ecuador, Colombia, Bolivia. Hu\u00e9sped Oficial y Visitante Ilustre de Municipios y Ciudades de la Naci\u00f3n y del exterior.<\/li>\n<li>Autora de libros y trabajos en revistas especializadas.<\/li>\n<\/ul>\n","protected":false},"excerpt":{"rendered":"<p>&nbsp; Profesora de Historia egresada con Medalla de Oro y Premio Ministerio de Educaci\u00f3n de la Naci\u00f3n. Profesora Extraordinaria de la Municipalidad de Mor\u00f3n. Decana del Departamento de Historia de [&hellip;]<\/p>\n","protected":false},"author":13,"featured_media":0,"menu_order":0,"comment_status":"closed","ping_status":"open","template":"","format":"standard","meta":{"_et_pb_use_builder":"","_et_pb_old_content":"","_et_gb_content_width":"","spay_email":"","footnotes":""},"class_list":["post-6212","biografia","type-biografia","status-publish","format-standard","hentry","cv_autor-bio"],"yoast_head":"<!-- This site is optimized with the Yoast SEO plugin v23.6 - https:\/\/yoast.com\/wordpress\/plugins\/seo\/ -->\n<title>Emilia Edda Menotti - Revista del Notariado<\/title>\n<meta name=\"robots\" content=\"index, follow, max-snippet:-1, max-image-preview:large, max-video-preview:-1\" \/>\n<link rel=\"canonical\" href=\"https:\/\/www.revista-notariado.org.ar\/index.php\/biografia\/emilia-edda-menotti\/\" \/>\n<meta property=\"og:locale\" content=\"es_ES\" \/>\n<meta property=\"og:type\" content=\"article\" \/>\n<meta property=\"og:title\" content=\"Emilia Edda Menotti - Revista del Notariado\" \/>\n<meta property=\"og:description\" content=\"&nbsp; Profesora de Historia egresada con Medalla de Oro y Premio Ministerio de Educaci\u00f3n de la Naci\u00f3n. Profesora Extraordinaria de la Municipalidad de Mor\u00f3n. Decana del Departamento de Historia de [&hellip;]\" \/>\n<meta property=\"og:url\" content=\"https:\/\/www.revista-notariado.org.ar\/index.php\/biografia\/emilia-edda-menotti\/\" \/>\n<meta property=\"og:site_name\" content=\"Revista del Notariado\" \/>\n<meta property=\"article:publisher\" content=\"https:\/\/www.facebook.com\/revistadelnotariado\/\" \/>\n<meta property=\"article:modified_time\" content=\"2018-03-13T20:12:47+00:00\" \/>\n<meta name=\"twitter:card\" content=\"summary_large_image\" \/>\n<meta name=\"twitter:label1\" content=\"Tiempo de lectura\" \/>\n\t<meta name=\"twitter:data1\" content=\"1 minuto\" \/>\n<script type=\"application\/ld+json\" class=\"yoast-schema-graph\">{\"@context\":\"https:\/\/schema.org\",\"@graph\":[{\"@type\":\"WebPage\",\"@id\":\"https:\/\/www.revista-notariado.org.ar\/index.php\/biografia\/emilia-edda-menotti\/\",\"url\":\"https:\/\/www.revista-notariado.org.ar\/index.php\/biografia\/emilia-edda-menotti\/\",\"name\":\"Emilia Edda Menotti - Revista del Notariado\",\"isPartOf\":{\"@id\":\"https:\/\/www.revista-notariado.org.ar\/#website\"},\"datePublished\":\"2018-02-23T19:13:03+00:00\",\"dateModified\":\"2018-03-13T20:12:47+00:00\",\"breadcrumb\":{\"@id\":\"https:\/\/www.revista-notariado.org.ar\/index.php\/biografia\/emilia-edda-menotti\/#breadcrumb\"},\"inLanguage\":\"es\",\"potentialAction\":[{\"@type\":\"ReadAction\",\"target\":[\"https:\/\/www.revista-notariado.org.ar\/index.php\/biografia\/emilia-edda-menotti\/\"]}]},{\"@type\":\"BreadcrumbList\",\"@id\":\"https:\/\/www.revista-notariado.org.ar\/index.php\/biografia\/emilia-edda-menotti\/#breadcrumb\",\"itemListElement\":[{\"@type\":\"ListItem\",\"position\":1,\"name\":\"Portada\",\"item\":\"https:\/\/www.revista-notariado.org.ar\/\"},{\"@type\":\"ListItem\",\"position\":2,\"name\":\"Emilia Edda Menotti\"}]},{\"@type\":\"WebSite\",\"@id\":\"https:\/\/www.revista-notariado.org.ar\/#website\",\"url\":\"https:\/\/www.revista-notariado.org.ar\/\",\"name\":\"Revista del Notariado\",\"description\":\"Director: Carlos Marcelo D&#039;Alessio\",\"publisher\":{\"@id\":\"https:\/\/www.revista-notariado.org.ar\/#organization\"},\"potentialAction\":[{\"@type\":\"SearchAction\",\"target\":{\"@type\":\"EntryPoint\",\"urlTemplate\":\"https:\/\/www.revista-notariado.org.ar\/?s={search_term_string}\"},\"query-input\":{\"@type\":\"PropertyValueSpecification\",\"valueRequired\":true,\"valueName\":\"search_term_string\"}}],\"inLanguage\":\"es\"},{\"@type\":\"Organization\",\"@id\":\"https:\/\/www.revista-notariado.org.ar\/#organization\",\"name\":\"Revista del Notariado\",\"url\":\"https:\/\/www.revista-notariado.org.ar\/\",\"logo\":{\"@type\":\"ImageObject\",\"inLanguage\":\"es\",\"@id\":\"https:\/\/www.revista-notariado.org.ar\/#\/schema\/logo\/image\/\",\"url\":\"https:\/\/www.revista-notariado.org.ar\/\/wp-content\/uploads\/2020\/06\/Logo-para.mail_.png\",\"contentUrl\":\"https:\/\/www.revista-notariado.org.ar\/\/wp-content\/uploads\/2020\/06\/Logo-para.mail_.png\",\"width\":642,\"height\":80,\"caption\":\"Revista del Notariado\"},\"image\":{\"@id\":\"https:\/\/www.revista-notariado.org.ar\/#\/schema\/logo\/image\/\"},\"sameAs\":[\"https:\/\/www.facebook.com\/revistadelnotariado\/\"]}]}<\/script>\n<!-- \/ Yoast SEO plugin. -->","yoast_head_json":{"title":"Emilia Edda Menotti - Revista del Notariado","robots":{"index":"index","follow":"follow","max-snippet":"max-snippet:-1","max-image-preview":"max-image-preview:large","max-video-preview":"max-video-preview:-1"},"canonical":"https:\/\/www.revista-notariado.org.ar\/index.php\/biografia\/emilia-edda-menotti\/","og_locale":"es_ES","og_type":"article","og_title":"Emilia Edda Menotti - Revista del Notariado","og_description":"&nbsp; Profesora de Historia egresada con Medalla de Oro y Premio Ministerio de Educaci\u00f3n de la Naci\u00f3n. Profesora Extraordinaria de la Municipalidad de Mor\u00f3n. Decana del Departamento de Historia de [&hellip;]","og_url":"https:\/\/www.revista-notariado.org.ar\/index.php\/biografia\/emilia-edda-menotti\/","og_site_name":"Revista del Notariado","article_publisher":"https:\/\/www.facebook.com\/revistadelnotariado\/","article_modified_time":"2018-03-13T20:12:47+00:00","twitter_card":"summary_large_image","twitter_misc":{"Tiempo de lectura":"1 minuto"},"schema":{"@context":"https:\/\/schema.org","@graph":[{"@type":"WebPage","@id":"https:\/\/www.revista-notariado.org.ar\/index.php\/biografia\/emilia-edda-menotti\/","url":"https:\/\/www.revista-notariado.org.ar\/index.php\/biografia\/emilia-edda-menotti\/","name":"Emilia Edda Menotti - Revista del Notariado","isPartOf":{"@id":"https:\/\/www.revista-notariado.org.ar\/#website"},"datePublished":"2018-02-23T19:13:03+00:00","dateModified":"2018-03-13T20:12:47+00:00","breadcrumb":{"@id":"https:\/\/www.revista-notariado.org.ar\/index.php\/biografia\/emilia-edda-menotti\/#breadcrumb"},"inLanguage":"es","potentialAction":[{"@type":"ReadAction","target":["https:\/\/www.revista-notariado.org.ar\/index.php\/biografia\/emilia-edda-menotti\/"]}]},{"@type":"BreadcrumbList","@id":"https:\/\/www.revista-notariado.org.ar\/index.php\/biografia\/emilia-edda-menotti\/#breadcrumb","itemListElement":[{"@type":"ListItem","position":1,"name":"Portada","item":"https:\/\/www.revista-notariado.org.ar\/"},{"@type":"ListItem","position":2,"name":"Emilia Edda Menotti"}]},{"@type":"WebSite","@id":"https:\/\/www.revista-notariado.org.ar\/#website","url":"https:\/\/www.revista-notariado.org.ar\/","name":"Revista del Notariado","description":"Director: Carlos Marcelo D&#039;Alessio","publisher":{"@id":"https:\/\/www.revista-notariado.org.ar\/#organization"},"potentialAction":[{"@type":"SearchAction","target":{"@type":"EntryPoint","urlTemplate":"https:\/\/www.revista-notariado.org.ar\/?s={search_term_string}"},"query-input":{"@type":"PropertyValueSpecification","valueRequired":true,"valueName":"search_term_string"}}],"inLanguage":"es"},{"@type":"Organization","@id":"https:\/\/www.revista-notariado.org.ar\/#organization","name":"Revista del Notariado","url":"https:\/\/www.revista-notariado.org.ar\/","logo":{"@type":"ImageObject","inLanguage":"es","@id":"https:\/\/www.revista-notariado.org.ar\/#\/schema\/logo\/image\/","url":"https:\/\/www.revista-notariado.org.ar\/\/wp-content\/uploads\/2020\/06\/Logo-para.mail_.png","contentUrl":"https:\/\/www.revista-notariado.org.ar\/\/wp-content\/uploads\/2020\/06\/Logo-para.mail_.png","width":642,"height":80,"caption":"Revista del Notariado"},"image":{"@id":"https:\/\/www.revista-notariado.org.ar\/#\/schema\/logo\/image\/"},"sameAs":["https:\/\/www.facebook.com\/revistadelnotariado\/"]}]}},"jetpack_sharing_enabled":true,"_links":{"self":[{"href":"https:\/\/www.revista-notariado.org.ar\/index.php\/wp-json\/wp\/v2\/biografia\/6212"}],"collection":[{"href":"https:\/\/www.revista-notariado.org.ar\/index.php\/wp-json\/wp\/v2\/biografia"}],"about":[{"href":"https:\/\/www.revista-notariado.org.ar\/index.php\/wp-json\/wp\/v2\/types\/biografia"}],"author":[{"embeddable":true,"href":"https:\/\/www.revista-notariado.org.ar\/index.php\/wp-json\/wp\/v2\/users\/13"}],"replies":[{"embeddable":true,"href":"https:\/\/www.revista-notariado.org.ar\/index.php\/wp-json\/wp\/v2\/comments?post=6212"}],"version-history":[{"count":2,"href":"https:\/\/www.revista-notariado.org.ar\/index.php\/wp-json\/wp\/v2\/biografia\/6212\/revisions"}],"predecessor-version":[{"id":6251,"href":"https:\/\/www.revista-notariado.org.ar\/index.php\/wp-json\/wp\/v2\/biografia\/6212\/revisions\/6251"}],"wp:attachment":[{"href":"https:\/\/www.revista-notariado.org.ar\/index.php\/wp-json\/wp\/v2\/media?parent=6212"}],"curies":[{"name":"wp","href":"https:\/\/api.w.org\/{rel}","templated":true}]}}

<p>&nbsp;</p>
<ul>
<li>Profesora de Historia egresada con Medalla de Oro y Premio Ministerio de Educación de la Nación.</li>
<li>Profesora Extraordinaria de la Municipalidad de Morón.</li>
<li>Decana del Departamento de Historia de la Universidad Kennedy.</li>
<li>Presidente de la Academia Argentina de la Historia.</li>
<li>Presidente de la Sociedad Bolivariana de la República Argentina.</li>
<li>Presidente del Instituto Cultural Argentino Ecuatoriano.</li>
<li>Presidente del Instituto Nacional Bolivariano (2012-2016).</li>
<li>Secretaria Académica del Instituto Nacional Sanmartiniano.</li>
<li>Miembro de la C. D. de Instituciones Culturales Argentinas y Americanas.</li>
<li>Condecorada por los gobiernos de Venezuela, Ecuador, Colombia, Bolivia. Huésped Oficial y Visitante Ilustre de Municipios y Ciudades de la Nación y del exterior.</li>
<li>Autora de libros y trabajos en revistas especializadas.</li>
</ul>

<p>&nbsp; Profesora de Historia egresada con Medalla de Oro y Premio Ministerio de Educación de la Nación. Profesora Extraordinaria de la Municipalidad de Morón. Decana del Departamento de Historia de [&hellip;]</p>

<!-- This site is optimized with the Yoast SEO plugin v23.6 - https://yoast.com/wordpress/plugins/seo/ -->
<title>Emilia Edda Menotti - Revista del Notariado</title>
<meta name="robots" content="index, follow, max-snippet:-1, max-image-preview:large, max-video-preview:-1" />
<link rel="canonical" href="https://www.revista-notariado.org.ar/index.php/biografia/emilia-edda-menotti/" />
<meta property="og:locale" content="es_ES" />
<meta property="og:type" content="article" />
<meta property="og:title" content="Emilia Edda Menotti - Revista del Notariado" />
<meta property="og:description" content="&nbsp; Profesora de Historia egresada con Medalla de Oro y Premio Ministerio de Educación de la Nación. Profesora Extraordinaria de la Municipalidad de Morón. Decana del Departamento de Historia de [&hellip;]" />
<meta property="og:url" content="https://www.revista-notariado.org.ar/index.php/biografia/emilia-edda-menotti/" />
<meta property="og:site_name" content="Revista del Notariado" />
<meta property="article:publisher" content="https://www.facebook.com/revistadelnotariado/" />
<meta property="article:modified_time" content="2018-03-13T20:12:47+00:00" />
<meta name="twitter:card" content="summary_large_image" />
<meta name="twitter:label1" content="Tiempo de lectura" />
	<meta name="twitter:data1" content="1 minuto" />
<script type="application/ld+json" class="yoast-schema-graph">{"@context":"https://schema.org","@graph":[{"@type":"WebPage","@id":"https://www.revista-notariado.org.ar/index.php/biografia/emilia-edda-menotti/","url":"https://www.revista-notariado.org.ar/index.php/biografia/emilia-edda-menotti/","name":"Emilia Edda Menotti - Revista del Notariado","isPartOf":{"@id":"https://www.revista-notariado.org.ar/#website"},"datePublished":"2018-02-23T19:13:03+00:00","dateModified":"2018-03-13T20:12:47+00:00","breadcrumb":{"@id":"https://www.revista-notariado.org.ar/index.php/biografia/emilia-edda-menotti/#breadcrumb"},"inLanguage":"es","potentialAction":[{"@type":"ReadAction","target":["https://www.revista-notariado.org.ar/index.php/biografia/emilia-edda-menotti/"]}]},{"@type":"BreadcrumbList","@id":"https://www.revista-notariado.org.ar/index.php/biografia/emilia-edda-menotti/#breadcrumb","itemListElement":[{"@type":"ListItem","position":1,"name":"Portada","item":"https://www.revista-notariado.org.ar/"},{"@type":"ListItem","position":2,"name":"Emilia Edda Menotti"}]},{"@type":"WebSite","@id":"https://www.revista-notariado.org.ar/#website","url":"https://www.revista-notariado.org.ar/","name":"Revista del Notariado","description":"Director: Carlos Marcelo D&#039;Alessio","publisher":{"@id":"https://www.revista-notariado.org.ar/#organization"},"potentialAction":[{"@type":"SearchAction","target":{"@type":"EntryPoint","urlTemplate":"https://www.revista-notariado.org.ar/?s={search_term_string}"},"query-input":{"@type":"PropertyValueSpecification","valueRequired":true,"valueName":"search_term_string"}}],"inLanguage":"es"},{"@type":"Organization","@id":"https://www.revista-notariado.org.ar/#organization","name":"Revista del Notariado","url":"https://www.revista-notariado.org.ar/","logo":{"@type":"ImageObject","inLanguage":"es","@id":"https://www.revista-notariado.org.ar/#/schema/logo/image/","url":"https://www.revista-notariado.org.ar//wp-content/uploads/2020/06/Logo-para.mail_.png","contentUrl":"https://www.revista-notariado.org.ar//wp-content/uploads/2020/06/Logo-para.mail_.png","width":642,"height":80,"caption":"Revista del Notariado"},"image":{"@id":"https://www.revista-notariado.org.ar/#/schema/logo/image/"},"sameAs":["https://www.facebook.com/revistadelnotariado/"]}]}</script>
<!-- / Yoast SEO plugin. -->

&nbsp; Profesora de Historia egresada con Medalla de Oro y Premio Ministerio de Educación de la Nación. Profesora Extraordinaria de la Municipalidad de Morón. Decana del Departamento de Historia de [&hellip;]
