{"id":2671,"date":"2016-02-05T16:05:43","date_gmt":"2016-02-05T16:05:43","guid":{"rendered":"http:\/\/www.revista-notariado.org.ar\/?post_type=biografia&#038;p=2671"},"modified":"2016-02-05T16:07:34","modified_gmt":"2016-02-05T16:07:34","slug":"marcelo-walter-suarez-belzoni","status":"publish","type":"biografia","link":"https:\/\/www.revista-notariado.org.ar\/index.php\/biografia\/marcelo-walter-suarez-belzoni\/","title":{"rendered":"Marcelo Walter Su\u00e1rez Belzoni"},"content":{"rendered":"<p>Abogado (UBA &#8211; 1999).<\/p>\n<p>Ejerce la funci\u00f3n notarial como escribano titular de registro en la Ciudad Aut\u00f3noma de Buenos Aires.<\/p>\n<p>Presidente del Instituto de Derecho Notarial del Colegio de Escribanos de la Ciudad de Buenos Aires.<\/p>\n","protected":false},"excerpt":{"rendered":"<p>Abogado (UBA &#8211; 1999). Ejerce la funci\u00f3n notarial como escribano titular de registro en la Ciudad Aut\u00f3noma de Buenos Aires. Presidente del Instituto de Derecho Notarial del Colegio de Escribanos [&hellip;]<\/p>\n","protected":false},"author":6,"featured_media":0,"menu_order":0,"comment_status":"closed","ping_status":"open","template":"","format":"standard","meta":{"_et_pb_use_builder":"","_et_pb_old_content":"","_et_gb_content_width":"","spay_email":"","footnotes":""},"class_list":["post-2671","biografia","type-biografia","status-publish","format-standard","hentry","cv_autor-bio"],"yoast_head":"<!-- This site is optimized with the Yoast SEO plugin v23.6 - https:\/\/yoast.com\/wordpress\/plugins\/seo\/ -->\n<title>Marcelo Walter Su\u00e1rez Belzoni - Revista del Notariado<\/title>\n<meta name=\"robots\" content=\"index, follow, max-snippet:-1, max-image-preview:large, max-video-preview:-1\" \/>\n<link rel=\"canonical\" href=\"https:\/\/www.revista-notariado.org.ar\/index.php\/biografia\/marcelo-walter-suarez-belzoni\/\" \/>\n<meta property=\"og:locale\" content=\"es_ES\" \/>\n<meta property=\"og:type\" content=\"article\" \/>\n<meta property=\"og:title\" content=\"Marcelo Walter Su\u00e1rez Belzoni - Revista del Notariado\" \/>\n<meta property=\"og:description\" content=\"Abogado (UBA &#8211; 1999). Ejerce la funci\u00f3n notarial como escribano titular de registro en la Ciudad Aut\u00f3noma de Buenos Aires. Presidente del Instituto de Derecho Notarial del Colegio de Escribanos [&hellip;]\" \/>\n<meta property=\"og:url\" content=\"https:\/\/www.revista-notariado.org.ar\/index.php\/biografia\/marcelo-walter-suarez-belzoni\/\" \/>\n<meta property=\"og:site_name\" content=\"Revista del Notariado\" \/>\n<meta property=\"article:publisher\" content=\"https:\/\/www.facebook.com\/revistadelnotariado\/\" \/>\n<meta property=\"article:modified_time\" content=\"2016-02-05T16:07:34+00:00\" \/>\n<meta name=\"twitter:card\" content=\"summary_large_image\" \/>\n<script type=\"application\/ld+json\" class=\"yoast-schema-graph\">{\"@context\":\"https:\/\/schema.org\",\"@graph\":[{\"@type\":\"WebPage\",\"@id\":\"https:\/\/www.revista-notariado.org.ar\/index.php\/biografia\/marcelo-walter-suarez-belzoni\/\",\"url\":\"https:\/\/www.revista-notariado.org.ar\/index.php\/biografia\/marcelo-walter-suarez-belzoni\/\",\"name\":\"Marcelo Walter Su\u00e1rez Belzoni - Revista del Notariado\",\"isPartOf\":{\"@id\":\"https:\/\/www.revista-notariado.org.ar\/#website\"},\"datePublished\":\"2016-02-05T16:05:43+00:00\",\"dateModified\":\"2016-02-05T16:07:34+00:00\",\"breadcrumb\":{\"@id\":\"https:\/\/www.revista-notariado.org.ar\/index.php\/biografia\/marcelo-walter-suarez-belzoni\/#breadcrumb\"},\"inLanguage\":\"es\",\"potentialAction\":[{\"@type\":\"ReadAction\",\"target\":[\"https:\/\/www.revista-notariado.org.ar\/index.php\/biografia\/marcelo-walter-suarez-belzoni\/\"]}]},{\"@type\":\"BreadcrumbList\",\"@id\":\"https:\/\/www.revista-notariado.org.ar\/index.php\/biografia\/marcelo-walter-suarez-belzoni\/#breadcrumb\",\"itemListElement\":[{\"@type\":\"ListItem\",\"position\":1,\"name\":\"Portada\",\"item\":\"https:\/\/www.revista-notariado.org.ar\/\"},{\"@type\":\"ListItem\",\"position\":2,\"name\":\"Marcelo Walter Su\u00e1rez Belzoni\"}]},{\"@type\":\"WebSite\",\"@id\":\"https:\/\/www.revista-notariado.org.ar\/#website\",\"url\":\"https:\/\/www.revista-notariado.org.ar\/\",\"name\":\"Revista del Notariado\",\"description\":\"Director: Carlos Marcelo D&#039;Alessio\",\"publisher\":{\"@id\":\"https:\/\/www.revista-notariado.org.ar\/#organization\"},\"potentialAction\":[{\"@type\":\"SearchAction\",\"target\":{\"@type\":\"EntryPoint\",\"urlTemplate\":\"https:\/\/www.revista-notariado.org.ar\/?s={search_term_string}\"},\"query-input\":{\"@type\":\"PropertyValueSpecification\",\"valueRequired\":true,\"valueName\":\"search_term_string\"}}],\"inLanguage\":\"es\"},{\"@type\":\"Organization\",\"@id\":\"https:\/\/www.revista-notariado.org.ar\/#organization\",\"name\":\"Revista del Notariado\",\"url\":\"https:\/\/www.revista-notariado.org.ar\/\",\"logo\":{\"@type\":\"ImageObject\",\"inLanguage\":\"es\",\"@id\":\"https:\/\/www.revista-notariado.org.ar\/#\/schema\/logo\/image\/\",\"url\":\"https:\/\/www.revista-notariado.org.ar\/\/wp-content\/uploads\/2020\/06\/Logo-para.mail_.png\",\"contentUrl\":\"https:\/\/www.revista-notariado.org.ar\/\/wp-content\/uploads\/2020\/06\/Logo-para.mail_.png\",\"width\":642,\"height\":80,\"caption\":\"Revista del Notariado\"},\"image\":{\"@id\":\"https:\/\/www.revista-notariado.org.ar\/#\/schema\/logo\/image\/\"},\"sameAs\":[\"https:\/\/www.facebook.com\/revistadelnotariado\/\"]}]}<\/script>\n<!-- \/ Yoast SEO plugin. -->","yoast_head_json":{"title":"Marcelo Walter Su\u00e1rez Belzoni - Revista del Notariado","robots":{"index":"index","follow":"follow","max-snippet":"max-snippet:-1","max-image-preview":"max-image-preview:large","max-video-preview":"max-video-preview:-1"},"canonical":"https:\/\/www.revista-notariado.org.ar\/index.php\/biografia\/marcelo-walter-suarez-belzoni\/","og_locale":"es_ES","og_type":"article","og_title":"Marcelo Walter Su\u00e1rez Belzoni - Revista del Notariado","og_description":"Abogado (UBA &#8211; 1999). Ejerce la funci\u00f3n notarial como escribano titular de registro en la Ciudad Aut\u00f3noma de Buenos Aires. Presidente del Instituto de Derecho Notarial del Colegio de Escribanos [&hellip;]","og_url":"https:\/\/www.revista-notariado.org.ar\/index.php\/biografia\/marcelo-walter-suarez-belzoni\/","og_site_name":"Revista del Notariado","article_publisher":"https:\/\/www.facebook.com\/revistadelnotariado\/","article_modified_time":"2016-02-05T16:07:34+00:00","twitter_card":"summary_large_image","schema":{"@context":"https:\/\/schema.org","@graph":[{"@type":"WebPage","@id":"https:\/\/www.revista-notariado.org.ar\/index.php\/biografia\/marcelo-walter-suarez-belzoni\/","url":"https:\/\/www.revista-notariado.org.ar\/index.php\/biografia\/marcelo-walter-suarez-belzoni\/","name":"Marcelo Walter Su\u00e1rez Belzoni - Revista del Notariado","isPartOf":{"@id":"https:\/\/www.revista-notariado.org.ar\/#website"},"datePublished":"2016-02-05T16:05:43+00:00","dateModified":"2016-02-05T16:07:34+00:00","breadcrumb":{"@id":"https:\/\/www.revista-notariado.org.ar\/index.php\/biografia\/marcelo-walter-suarez-belzoni\/#breadcrumb"},"inLanguage":"es","potentialAction":[{"@type":"ReadAction","target":["https:\/\/www.revista-notariado.org.ar\/index.php\/biografia\/marcelo-walter-suarez-belzoni\/"]}]},{"@type":"BreadcrumbList","@id":"https:\/\/www.revista-notariado.org.ar\/index.php\/biografia\/marcelo-walter-suarez-belzoni\/#breadcrumb","itemListElement":[{"@type":"ListItem","position":1,"name":"Portada","item":"https:\/\/www.revista-notariado.org.ar\/"},{"@type":"ListItem","position":2,"name":"Marcelo Walter Su\u00e1rez Belzoni"}]},{"@type":"WebSite","@id":"https:\/\/www.revista-notariado.org.ar\/#website","url":"https:\/\/www.revista-notariado.org.ar\/","name":"Revista del Notariado","description":"Director: Carlos Marcelo D&#039;Alessio","publisher":{"@id":"https:\/\/www.revista-notariado.org.ar\/#organization"},"potentialAction":[{"@type":"SearchAction","target":{"@type":"EntryPoint","urlTemplate":"https:\/\/www.revista-notariado.org.ar\/?s={search_term_string}"},"query-input":{"@type":"PropertyValueSpecification","valueRequired":true,"valueName":"search_term_string"}}],"inLanguage":"es"},{"@type":"Organization","@id":"https:\/\/www.revista-notariado.org.ar\/#organization","name":"Revista del Notariado","url":"https:\/\/www.revista-notariado.org.ar\/","logo":{"@type":"ImageObject","inLanguage":"es","@id":"https:\/\/www.revista-notariado.org.ar\/#\/schema\/logo\/image\/","url":"https:\/\/www.revista-notariado.org.ar\/\/wp-content\/uploads\/2020\/06\/Logo-para.mail_.png","contentUrl":"https:\/\/www.revista-notariado.org.ar\/\/wp-content\/uploads\/2020\/06\/Logo-para.mail_.png","width":642,"height":80,"caption":"Revista del Notariado"},"image":{"@id":"https:\/\/www.revista-notariado.org.ar\/#\/schema\/logo\/image\/"},"sameAs":["https:\/\/www.facebook.com\/revistadelnotariado\/"]}]}},"jetpack_sharing_enabled":true,"_links":{"self":[{"href":"https:\/\/www.revista-notariado.org.ar\/index.php\/wp-json\/wp\/v2\/biografia\/2671"}],"collection":[{"href":"https:\/\/www.revista-notariado.org.ar\/index.php\/wp-json\/wp\/v2\/biografia"}],"about":[{"href":"https:\/\/www.revista-notariado.org.ar\/index.php\/wp-json\/wp\/v2\/types\/biografia"}],"author":[{"embeddable":true,"href":"https:\/\/www.revista-notariado.org.ar\/index.php\/wp-json\/wp\/v2\/users\/6"}],"replies":[{"embeddable":true,"href":"https:\/\/www.revista-notariado.org.ar\/index.php\/wp-json\/wp\/v2\/comments?post=2671"}],"version-history":[{"count":1,"href":"https:\/\/www.revista-notariado.org.ar\/index.php\/wp-json\/wp\/v2\/biografia\/2671\/revisions"}],"predecessor-version":[{"id":2672,"href":"https:\/\/www.revista-notariado.org.ar\/index.php\/wp-json\/wp\/v2\/biografia\/2671\/revisions\/2672"}],"wp:attachment":[{"href":"https:\/\/www.revista-notariado.org.ar\/index.php\/wp-json\/wp\/v2\/media?parent=2671"}],"curies":[{"name":"wp","href":"https:\/\/api.w.org\/{rel}","templated":true}]}}

Marcelo Walter Suárez Belzoni

<p>Abogado (UBA &#8211; 1999).</p>
<p>Ejerce la función notarial como escribano titular de registro en la Ciudad Autónoma de Buenos Aires.</p>
<p>Presidente del Instituto de Derecho Notarial del Colegio de Escribanos de la Ciudad de Buenos Aires.</p>

<p>Abogado (UBA &#8211; 1999). Ejerce la función notarial como escribano titular de registro en la Ciudad Autónoma de Buenos Aires. Presidente del Instituto de Derecho Notarial del Colegio de Escribanos [&hellip;]</p>

<!-- This site is optimized with the Yoast SEO plugin v23.6 - https://yoast.com/wordpress/plugins/seo/ -->
<title>Marcelo Walter Suárez Belzoni - Revista del Notariado</title>
<meta name="robots" content="index, follow, max-snippet:-1, max-image-preview:large, max-video-preview:-1" />
<link rel="canonical" href="https://www.revista-notariado.org.ar/index.php/biografia/marcelo-walter-suarez-belzoni/" />
<meta property="og:locale" content="es_ES" />
<meta property="og:type" content="article" />
<meta property="og:title" content="Marcelo Walter Suárez Belzoni - Revista del Notariado" />
<meta property="og:description" content="Abogado (UBA &#8211; 1999). Ejerce la función notarial como escribano titular de registro en la Ciudad Autónoma de Buenos Aires. Presidente del Instituto de Derecho Notarial del Colegio de Escribanos [&hellip;]" />
<meta property="og:url" content="https://www.revista-notariado.org.ar/index.php/biografia/marcelo-walter-suarez-belzoni/" />
<meta property="og:site_name" content="Revista del Notariado" />
<meta property="article:publisher" content="https://www.facebook.com/revistadelnotariado/" />
<meta property="article:modified_time" content="2016-02-05T16:07:34+00:00" />
<meta name="twitter:card" content="summary_large_image" />
<script type="application/ld+json" class="yoast-schema-graph">{"@context":"https://schema.org","@graph":[{"@type":"WebPage","@id":"https://www.revista-notariado.org.ar/index.php/biografia/marcelo-walter-suarez-belzoni/","url":"https://www.revista-notariado.org.ar/index.php/biografia/marcelo-walter-suarez-belzoni/","name":"Marcelo Walter Suárez Belzoni - Revista del Notariado","isPartOf":{"@id":"https://www.revista-notariado.org.ar/#website"},"datePublished":"2016-02-05T16:05:43+00:00","dateModified":"2016-02-05T16:07:34+00:00","breadcrumb":{"@id":"https://www.revista-notariado.org.ar/index.php/biografia/marcelo-walter-suarez-belzoni/#breadcrumb"},"inLanguage":"es","potentialAction":[{"@type":"ReadAction","target":["https://www.revista-notariado.org.ar/index.php/biografia/marcelo-walter-suarez-belzoni/"]}]},{"@type":"BreadcrumbList","@id":"https://www.revista-notariado.org.ar/index.php/biografia/marcelo-walter-suarez-belzoni/#breadcrumb","itemListElement":[{"@type":"ListItem","position":1,"name":"Portada","item":"https://www.revista-notariado.org.ar/"},{"@type":"ListItem","position":2,"name":"Marcelo Walter Suárez Belzoni"}]},{"@type":"WebSite","@id":"https://www.revista-notariado.org.ar/#website","url":"https://www.revista-notariado.org.ar/","name":"Revista del Notariado","description":"Director: Carlos Marcelo D&#039;Alessio","publisher":{"@id":"https://www.revista-notariado.org.ar/#organization"},"potentialAction":[{"@type":"SearchAction","target":{"@type":"EntryPoint","urlTemplate":"https://www.revista-notariado.org.ar/?s={search_term_string}"},"query-input":{"@type":"PropertyValueSpecification","valueRequired":true,"valueName":"search_term_string"}}],"inLanguage":"es"},{"@type":"Organization","@id":"https://www.revista-notariado.org.ar/#organization","name":"Revista del Notariado","url":"https://www.revista-notariado.org.ar/","logo":{"@type":"ImageObject","inLanguage":"es","@id":"https://www.revista-notariado.org.ar/#/schema/logo/image/","url":"https://www.revista-notariado.org.ar//wp-content/uploads/2020/06/Logo-para.mail_.png","contentUrl":"https://www.revista-notariado.org.ar//wp-content/uploads/2020/06/Logo-para.mail_.png","width":642,"height":80,"caption":"Revista del Notariado"},"image":{"@id":"https://www.revista-notariado.org.ar/#/schema/logo/image/"},"sameAs":["https://www.facebook.com/revistadelnotariado/"]}]}</script>
<!-- / Yoast SEO plugin. -->

Marcelo Walter Suárez Belzoni - Revista del Notariado

Abogado (UBA &#8211; 1999). Ejerce la función notarial como escribano titular de registro en la Ciudad Autónoma de Buenos Aires. Presidente del Instituto de Derecho Notarial del Colegio de Escribanos [&hellip;]
